mainder when 2697 is divided by 384?
9
What is the remainder when 10515 is divided by 553?
8
What is the remainder when 2464 is divided by 430?
314
What is the remainder when 52973 is divided by 25?
23
What is the remainder when 1045 is divided by 519?
7
Calculate the remainder when 28440 is divided by 790.
0
What is the remainder when 25590 is divided by 74?
60
What is the remainder when 7097022 is divided by 64?
62
Calculate the remainder when 56237 is divided by 148.
145
What is the remainder when 844 is divided by 375?
94
What is the remainder when 10288 is divided by 429?
421
What is the remainder when 1678115 is divided by 12?
11
What is the remainder when 11392 is divided by 1265?
7
What is the remainder when 58552 is divided by 305?
297
Calculate the remainder when 3920 is divided by 55.
15
Calculate the remainder when 30135 is divided by 1830.
855
What is the remainder when 1623075 is divided by 233?
230
Calculate the remainder when 14207 is divided by 13.
11
Calculate the remainder when 23491 is divided by 89.
84
What is the remainder when 19148 is divided by 24?
20
What is the remainder when 371554 is divided by 33777?
7
What is the remainder when 16419 is divided by 283?
5
What is the remainder when 1276113 is divided by 57?
54
What is the remainder when 2272 is divided by 144?
112
Calculate the remainder when 19031 is divided by 19021.
10
What is the remainder when 118491 is divided by 22?
21
Calculate the remainder when 89891 is divided by 99.
98
What is the remainder when 19998 is divided by 1420?
118
Calculate the remainder when 25140 is divided by 3591.
3
Calculate the remainder when 2001 is divided by 1936.
65
What is the remainder when 984 is divided by 863?
121
What is the remainder when 13320 is divided by 124?
52
What is the remainder when 1132 is divided by 174?
88
What is the remainder when 133317 is divided by 330?
327
What is the remainder when 292738 is divided by 32?
2
Calculate the remainder when 92850 is divided by 755.
740
Calculate the remainder when 16814 is divided by 543.
524
What is the remainder when 3639 is divided by 743?
667
What is the remainder when 1252629 is divided by 138?
3
What is the remainder when 118199 is divided by 59086?
27
What is the remainder when 37145 is divided by 41?
40
What is the remainder when 268017 is divided by 15?
12
What is the remainder when 29500 is divided by 68?
56
Calculate the remainder when 36205 is divided by 302.
267
What is the remainder when 15968 is divided by 86?
58
Calculate the remainder when 172216 is divided by 328.
16
What is the remainder when 138483 is divided by 69241?
1
Calculate the remainder when 18099 is divided by 270.
9
What is the remainder when 1209261 is divided by 28?
25
Calculate the remainder when 834 is divided by 599.
235
What is the remainder when 59916 is divided by 625?
541
What is the remainder when 12993 is divided by 651?
624
Calculate the remainder when 4822 is divided by 2411.
0
Calculate the remainder when 127821 is divided by 79.
78
What is the remainder when 209224 is divided by 1868?
8
What is the remainder when 5111 is divided by 464?
7
What is the remainder when 1407 is divided by 341?
43
What is the remainder when 1029 is divided by 985?
44
Calculate the remainder when 12002 is divided by 205.
112
Calculate the remainder when 554310 is divided by 184760.
30
Calculate the remainder when 18686 is divided by 256.
254
Calculate the remainder when 4367 is divided by 550.
517
Calculate the remainder when 15760 is divided by 5249.
13
Calculate the remainder when 1740243 is divided by 653.
651
What is the remainder when 1589223 is divided by 118?
117
Calculate the remainder when 37032 is divided by 2040.
312
Calculate the remainder when 16484 is divided by 79.
52
What is the remainder when 39057 is divided by 217?
214
Calculate the remainder when 278 is divided by 80.
38
Calculate the remainder when 1007137 is divided by 20.
17
Calculate the remainder when 219098 is divided by 78.
74
What is the remainder when 404411 is divided by 356?
351
What is the remainder when 2039 is divided by 757?
525
Calculate the remainder when 17892 is divided by 65.
17
What is the remainder when 1048 is divided by 279?
211
What is the remainder when 73389 is divided by 15?
9
What is the remainder when 13878 is divided by 134?
76
What is the remainder when 66119 is divided by 11?
9
Calculate the remainder when 85716 is divided by 4499.
235
What is the remainder when 54705 is divided by 27331?
43
Calculate the remainder when 694 is divided by 137.
9
What is the remainder when 7864 is divided by 282?
250
Calculate the remainder when 1260313 is divided by 1933.
1930
What is the remainder when 2078 is divided by 411?
23
Calculate the remainder when 3445 is divided by 74.
41
Calculate the remainder when 3380 is divided by 3325.
55
What is the remainder when 1799 is divided by 124?
63
Calculate the remainder when 1215671 is divided by 7.
2
What is the remainder when 6763 is divided by 6750?
13
Calculate the remainder when 2892 is divided by 362.
358
What is the remainder when 43656 is divided by 19?
13
What is the remainder when 329614 is divided by 144?
142
What is the remainder when 17828 is divided by 17803?
25
What is the remainder when 7940 is divided by 992?
4
What is the remainder when 18409 is divided by 147?
34
What is the remainder when 2256420 is divided by 371?
369
Calculate the remainder when 11648 is divided by 327.
203
Calculate the remainder when 9696 is divided by 214.
66
Calculate the remainder when 7199 is divided by 16.
15
What is the remainder when 685 is divided by 513?
172
What is the remainder when 8470 is divided by 242?
0
What is the remainder when 2522 is divided by 209?
14
Calculate the remainder when 3153080 is divided by 44.
40
What is the remainder when 108920 is divided by 33?
20
Calculate the remainder when 2312 is divided by 5.
2
What is the remainder when 159133 is divided by 14462?
51
What is the remainder when 3566 is divided by 46?
24
Calculate the remainder when 4662764 is divided by 24.
20
What is the remainder when 1652 is divided by 411?
8
What is the remainder when 25884 is divided by 1231?
33
Calculate the remainder when 982 is divided by 264.
190
Calculate the remainder when 123422 is divided by 15419.
70
What is the remainder when 34333 is divided by 2335?
1643
What is the remainder when 99359 is divided by 62?
35
What is the remainder when 4504 is divided by 92?
88
Calculate the remainder when 627 is divided by 81.
60
What is the remainder when 1030 is divided by 283?
181
What is the remainder when 34742 is divided by 11?
4
What is the remainder when 73754 is divided by 32?
26
Calculate the remainder when 60600 is divided by 994.
960
What is the remainder when 104014 is divided by 132?
130
Calculate the remainder when 105161 is divided by 48.
41
Calculate the remainder when 113755 is divided by 5686.
35
Calculate the remainder when 1110 is divided by 349.
63
Calculate the remainder when 59428 is divided by 879.
535
What is the remainder when 2760 is divided by 212?
4
What is the remainder when 76868 is divided by 76857?
11
Calculate the remainder when 304076 is divided by 560.
556
What is the remainder when 479490 is divided by 189?
186
Calculate the remainder when 471062 is divided by 53.
51
Calculate the remainder when 149721 is divided by 7485.
21
Calculate the remainder when 316468 is divided by 385.
383
What is the remainder when 8687 is divided by 8641?
46
What is the remainder when 3950153 is divided by 702?
701
Calculate the remainder when 3285 is divided by 62.
61
What is the remainder when 496439 is divided by 21?
20
Calculate the remainder when 1805 is divided by 529.
218
What is the remainder when 1680 is divided by 58?
56
What is the remainder when 93482 is divided by 23367?
14
Calculate the remainder when 77134 is divided by 76992.
142
Calculate the remainder when 2973 is divided by 1469.
35
What is the remainder when 750 is divided by 502?
248
Calculate the remainder when 79938 is divided by 70.
68
Calculate the remainder when 2607 is divided by 17.
6
Calculate the remainder when 1819 is divided by 903.
13
What is the remainder when 137991 is divided by 3?
0
What is the remainder when 1316553 is d